w.
2
Suppose 11 - 3 = 4*p. Let z be p + -5 - 0/2. Let w = 5 + z. List the prime factors of w.
2
Let y = -1 - -1. Suppose -z - 2*z = y. Suppose c = -z*c + 12. What are the prime factors of c?
2, 3
Suppose -3*i + 63 = -2*v + 179, -v - 5*i + 45 = 0. List the prime factors of v.
5, 11
Suppose 5*g = g. Suppose n = -i, 4 + g = 2*n + i. Suppose -f = -3*p - n, 2*p + 25 = 4*f - p. List the prime factors of f.
7
Suppose -j = -6 + 1. Suppose -3 = 4*x - j*x. What are the prime factors of x?
3
Let v(z) = -z**3 - z**2 + z + 13. Suppose -6*a = -2*a. List the prime factors of v(a).
13
Suppose 0*w - 4 = -2*w. Suppose 4*k + 1162 = 4*j + j, 5*k = -15. List the prime factors of w/9 - j/(-18).
13
Let z = 85 + -56. List the prime factors of z.
29
List the prime factors of (-2652)/(-16) + ((-44)/16 - -3).
2, 83
List the prime factors of ((-24)/(-60))/(1/5).
2
Suppose -3*j = -0*j. Suppose -4*k + 2*m + 20 = j, -8 + 18 = 4*k + 3*m. List the prime factors of k.
2
Let g(k) = k**3 + 17*k**2 + 9*k - 1. List the prime factors of g(-16).
3, 37
Let b = 131 + -74. List the prime factors of b.
3, 19
Let k(v) be the first derivative of -v**4/4 + 2*v**3 - 3*v**2/2 - 7*v + 2. What are the prime factors of k(5)?
3
Let l(b) = b**3 - 9*b**2 + 11*b - 6. List the prime factors of l(8).
2, 3
Suppose 3*h + 4*v - 32 = 0, -4*h - v + 46 = v. Suppose -3*x - 4*m + m = 24, -18 = 2*x + 3*m. Let f = x + h. List the prime factors of f.
2, 3
Suppose -j - 1015 = -8*j. What are the prime factors of j?
5, 29
Let m(t) = -20*t + 37. What are the prime factors of m(-9)?
7, 31
Suppose -3*d = -0*d. Let w be (1 + -2 + d)*0. Suppose w = 3*g - 11 - 19. List the prime factors of g.
2, 5
Suppose -4*o - 5*b = -51, -2*o + 15 = -4*b - 17. Let a = o - 24. Let f = a - -22. What are the prime factors of f?
2, 3
Suppose 128 + 13 = r. List the prime factors of r.
3, 47
Let s(q) = q**2 + q + 1. Let r(t) = 4*t**2 + 3*t - 1. Let x(d) = r(d) - 3*s(d). List the prime factors of x(3).
5
Let b = -5 - -9. List the prime factors of (2 - 1)/(b/92).
23
List the prime factors of 52/2 + (-4)/(1 - 2).
2, 3, 5
Suppose -8 + 0 = 4*z, 0 = -2*i - 4*z + 168. What are the prime factors of i?
2, 11
Suppose -2*d = 4*i + 6 + 2, 0 = -3*d - 3*i - 6. Suppose -3*m - h + 9 = d, -m + 0*m - 1 = -h. List the prime factors of 0 + -1 + m + 12.
13
Suppose 0 = 5*k + 2*j - 43, 3*k - 2*k = 3*j + 12. Suppose 0 = 2*v - 5*v + 3*a + k, 5*a = v - 7. What are the prime factors of v?
2
Let d(a) = -a**2 - 2*a + 1. Let x = -1 + 2. Let c be d(x). List the prime factors of 10 - 2 - (-3 - c).
3
Suppose 3*u = 2*u - 2*i, 5*i - 3 = -u. Let f be -5*(u - (-1)/1). Suppose 55 - 160 = -f*z. What are the prime factors of z?
3, 7
Let f = 8 + -15. Let u = 5 + f. What are the prime factors of -1 - 30/4*u?
2, 7
Let l = 6 + -3. Let t be (2 - (l - 5))/(-2). List the prime factors of ((-34)/3)/(t/3).
17
List the prime factors of (-12)/30 - (-142)/5.
2, 7
Let h be (-21)/(-3) - (2 + -1). List the prime factors of (-56)/h*(-12)/8.
2, 7
Let a(o) = -o**3 + 4*o**2 + 2*o - 1. What are the prime factors of a(-2)?
19
Suppose 6*k = 2*k + 28. List the prime factors of k.
7
Let m(z) = z**3 - 13*z**2 + 18*z - 15. What are the prime factors of m(12)?
3, 19
Suppose -538 - 832 = -5*o. What are the prime factors of o?
2, 137
Suppose 2*t - 159 = -t. Let f = 75 - t. List the prime factors of f.
2, 11
Suppose 6*r - 2*r = -d + 10, -5*r - d = -12. Suppose 5*f - 2*s - 60 = r*s, -4*f - 4*s + 12 = 0. List the prime factors of f.
2
Let d = 305 + -208. List the prime factors of d.
97
Let d(a) = -a**3 - 3*a**2 + 4*a - 1. Let f be d(-4). Let s(q) be the first derivative of -5*q**2 + q - 1. List the prime factors of s(f).
11
Let k(t) be the first derivative of t**3 + t**2 + t - 1. Let v(m) = -m + 5. Let a be v(6). What are the prime factors of k(a)?
2
Let k(n) be the third derivative of n**5/20 - n**4/8 + n**2. Let y(l) = l + 15. Let c be y(-13). What are the prime factors of k(c)?
2, 3
Let w(m) = -m - 1 + m**3 - m**2 + m. Let f(x) = x**3 + 1. Let h be f(1). What are the prime factors of w(h)?
3
Let o(m) = m**2 + 5*m + 9. Let r(h) = h**2 + 3*h + 5. Let z(f) = -4*o(f) + 7*r(f). Let v be (4/10)/(2/(-10)). What are the prime factors of z(v)?
3
List the prime factors of 4*((-27)/(-2) + 0).
2, 3
Let t(n) = n**2 - 7*n - 2. Let j be t(10). Suppose 5*s + 2 = -j. Let l(x) = -x**3 - 6*x**2 - x - 3. What are the prime factors of l(s)?
3
Suppose -5*i - 2*b = 661 - 136, -i + 3*b - 105 = 0. What are the prime factors of (-2)/(-4) + i/(-6)?
2, 3
Let b(h) = -3*h + 1. Let a be ((-12)/10)/((-6)/(-15)). List the prime factors of b(a).
2, 5
List the prime factors of (0 + 3 - 2) + 35.
2, 3
Let j(v) = v**3 + 4*v**2 + 4*v + 5. Let f be j(-5). Let d = 67 + f. Suppose 3*k + 15 = 2*h, 5*h + k + 2*k = d. List the prime factors of h.
2, 3
Suppose 0 = -3*z + 10 + 5, -4*v = -3*z - 81. Suppose 3*j - 57 = -v. List the prime factors of j.
11
Let v be (0 + 1)*(5 + -6). Let u = -1 - v. Suppose u = -3*h + 18 - 0. List the prime factors of h.
2, 3
Let m = 4 - 6. Let d(f) = -3*f**2 - 3*f + 1. Let h(s) = -s. Let j(k) = -d(k) + 2*h(k). What are the prime factors of j(m)?
3
Let k be (1 + 13)*(-2 + 3). Let o be -3 - ((-9)/3 + -8). Let z = k - o. What are the prime factors of z?
2, 3
Let t(y) = -y**3 + 2*y**2 + 4*y + 1. Let l be t(3). Suppose 0 = -2*z - 5*g + 45, -5*g - 62 = -l*z - 17. List the prime factors of z.
3, 5
What are the prime factors of (-66)/15 - (-12)/30 - -264?
2, 5, 13
Suppose -z = -q - 3, 5*z + 12 + 3 = -q. Let n be (2 + 36/(-15))*q. Suppose -5*y - 2*m + 7 = -17, 0 = -n*y - 2*m + 12. What are the prime factors of y?
2
Let o = -6 + 4. Let b be (o + -2)*(-6)/8. What are the prime factors of ((-10)/3)/((-1)/b)?
2, 5
Suppose 0 = -2*o - 5*z + 148, -2*o + 4*z = o - 222. List the prime factors of o.
2, 37
Suppose 0 = -b + 19*b - 756. What are the prime factors of b?
2, 3, 7
Let d = -5 - -8. Suppose -d*a - 2*a = -25. Suppose -3*o - 13 = -8*f + 3*f, -4*o - 9 = -a*f. What are the prime factors of f?
5
Suppose -2*c = 4*o + 8, -4*c - o = -3 - 2. Let b = 4 - c. Suppose 2*z - 28 = -5*p, 26 = b*z + 2*p - 2. List the prime factors of z.
2, 7
Suppose -553 - 355 = -4*u. Suppose -u = -3*c - s, 296 = 5*c - 5*s - 69. Suppose -n = 0, 0*x + c = 5*x + 5*n. What are the prime factors of x?
3, 5
Let f(h) = 4*h**2 + 5. What are the prime factors of f(-4)?
3, 23
What are the prime factors of (-3)/(30/(-928)) + (-1)/(-5)?
3, 31
Suppose 3*j = -n + 690, -j - 46 = -n - 272. List the prime factors of j.
229
Suppose 3*f + 334 = z, 2*z - 2*f - 667 = 3*f. List the prime factors of z.
331
What are the prime factors of -1*(4 + -125) - -4?
5
What are the prime factors of -3*(1 + -26*(-1 + 3))?
3, 17
Let l(f) = -f**2 + 12*f - 15. List the prime factors of l(9).
2, 3
Let q(i) = i**2 - 5*i - 4. Let f be 14/((6/5)/3). Suppose -7*s + f = -2*s. What are the prime factors of q(s)?
2, 5
Suppose -3*n = -4*k - 29, 4*n + 64 = 2*k - 6*k. Suppose 3 = -g + 1. What are the prime factors of (3 - 0) + g - k?
2, 3
Let j be 6/18 - (-20)/(-6). List the prime factors of (1/1)/(j/(-27)).
3
Let d(s) = s**3 + 4*s**2 + 4*s + 3. Let j be d(-2). Suppose -89 = -j*l - 20. List the prime factors of l.
23
Suppose 9*o - 360 = 8*o. What are the prime factors of o?
2, 3, 5
Let b = -2 + 5. Suppose b*o = 2*w - 36, -3*o + 15 = -3*w + 75. What are the prime factors of w?
2, 3
Suppose u + 2*u - 5*d = 103, 3*d - 53 = -u. What are the prime factors of u?
41
Suppose -5*y - 2*p + 18 = 0, -4*p + 0 = -5*y - 6. What are the prime factors of y?
2
Suppose -3*x = 2*x. Suppose 5*d - j = 28, 4*d - j - 23 = -x*d. Suppose 8 = -s + d*s. List the prime factors of s.
2
Let h(x) = 2*x. Suppose -y = -5*l + 41, 3*y = -4*l + 28 + 1. List the prime factors of h(l).
2
Let q(y) be the first derivative of -2 - 1/4*y**4 - 2*y**2 - 2/3*y**3 - 3*y. List the prime factors of q(-3).
2, 3
Suppose 0 = -k, -k = -5*z + 194 + 16. What are the prime factors of z?
2, 3, 7
Let u = 53 + -14. What are the prime factors of u?
3, 13
Suppose k - 1 = 26. List the prime factors of k.
3
Let a(n) = n + 73. List the prime factors of a(0).
73
Suppose 4*m - 4 = 24. Suppose 2*i = 3*i - m. List the prime factors of i.
7
Suppose 0 = -4*r + 3*l + 75, 2*l + 5 - 10 = -r. List the prime factors of r.
3, 5
Let d(y) = -y**3 - 8*y**2 + 7*y + 3. List the prime factors 